 factors of 7239.
3, 19, 127
List the prime factors of 147.
3, 7
List the prime factors of 72312.
2, 3, 23, 131
What are the prime factors of 17918?
2, 17, 31
What are the prime factors of 230?
2, 5, 23
What are the prime factors of 49239?
3, 5471
What are the prime factors of 3448?
2, 431
List the prime factors of 43014.
2, 3, 67, 107
List the prime factors of 44427.
3, 59, 251
List the prime factors of 637.
7, 13
What are the prime factors of 1265?
5, 11, 23
What are the prime factors of 97293?
3, 7, 41, 113
What are the prime factors of 43594?
2, 71, 307
What are the prime factors of 65240?
2, 5, 7, 233
List the prime factors of 166.
2, 83
List the prime factors of 3929.
3929
List the prime factors of 47275.
5, 31, 61
List the prime factors of 153.
3, 17
List the prime factors of 1451.
1451
What are the prime factors of 1038?
2, 3, 173
List the prime factors of 3706.
2, 17, 109
What are the prime factors of 204?
2, 3, 17
What are the prime factors of 8638?
2, 7, 617
What are the prime factors of 17963?
11, 23, 71
What are the prime factors of 645?
3, 5, 43
List the prime factors of 4250.
2, 5, 17
What are the prime factors of 9895?
5, 1979
What are the prime factors of 3187?
3187
List the prime factors of 1097.
1097
List the prime factors of 1811.
1811
List the prime factors of 26810.
2, 5, 7, 383
What are the prime factors of 1442?
2, 7, 103
List the prime factors of 95777.
11, 8707
What are the prime factors of 29480?
2, 5, 11, 67
List the prime factors of 4005.
3, 5, 89
List the prime factors of 1800.
2, 3, 5
List the prime factors of 27084.
2, 3, 37, 61
List the prime factors of 798.
2, 3, 7, 19
List the prime factors of 8242.
2, 13, 317
List the prime factors of 22057.
7, 23, 137
List the prime factors of 917.
7, 131
What are the prime factors of 99496?
2, 12437
What are the prime factors of 11189?
67, 167
List the prime factors of 2084.
2, 521
What are the prime factors of 18812?
2, 4703
What are the prime factors of 590?
2, 5, 59
What are the prime factors of 11235?
3, 5, 7, 107
What are the prime factors of 31864?
2, 7, 569
List the prime factors of 50060.
2, 5, 2503
List the prime factors of 38980.
2, 5, 1949
What are the prime factors of 54076?
2, 11, 1229
List the prime factors of 128115.
3, 5, 13, 73
List the prime factors of 7628.
2, 1907
What are the prime factors of 32343?
3, 10781
List the prime factors of 1005.
3, 5, 67
What are the prime factors of 141941?
141941
What are the prime factors of 733?
733
List the prime factors of 45513.
3, 13, 389
List the prime factors of 30470.
2, 5, 11, 277
List the prime factors of 2932.
2, 733
What are the prime factors of 27930?
2, 3, 5, 7, 19
What are the prime factors of 5016?
2, 3, 11, 19
List the prime factors of 3064.
2, 383
What are the prime factors of 126808?
2, 11, 131
List the prime factors of 12972.
2, 3, 23, 47
List the prime factors of 1027.
13, 79
List the prime factors of 133083.
3, 31, 53
What are the prime factors of 1259?
1259
List the prime factors of 122073.
3, 7, 5813
List the prime factors of 1817.
23, 79
List the prime factors of 39062.
2, 19531
What are the prime factors of 3041?
3041
What are the prime factors of 9673?
17, 569
List the prime factors of 18050.
2, 5, 19
What are the prime factors of 1861?
1861
List the prime factors of 28886.
2, 11, 13, 101
List the prime factors of 998.
2, 499
What are the prime factors of 31924?
2, 23, 347
List the prime factors of 2907.
3, 17, 19
What are the prime factors of 43232?
2, 7, 193
What are the prime factors of 33027?
3, 101, 109
List the prime factors of 367.
367
List the prime factors of 30731.
79, 389
List the prime factors of 1666.
2, 7, 17
List the prime factors of 24198.
2, 3, 37, 109
List the prime factors of 29639.
107, 277
List the prime factors of 410.
2, 5, 41
List the prime factors of 27433.
7, 3919
What are the prime factors of 2513?
7, 359
What are the prime factors of 24515?
5, 4903
List the prime factors of 15664.
2, 11, 89
What are the prime factors of 4135?
5, 827
What are the prime factors of 801?
3, 89
List the prime factors of 1857.
3, 619
List the prime factors of 2114.
2, 7, 151
List the prime factors of 779.
19, 41
List the prime factors of 5063.
61, 83
List the prime factors of 15249.
3, 13, 17, 23
List the prime factors of 730.
2, 5, 73
What are the prime factors of 14107?
14107
What are the prime factors of 11126?
2, 5563
List the prime factors of 967.
967
What are the prime factors of 483?
3, 7, 23
What are the prime factors of 119283?
3, 39761
List the prime factors of 13473.
3, 499
List the prime factors of 4035.
3, 5, 269
What are the prime factors of 5530?
2, 5, 7, 79
List the prime factors of 30527.
7, 89
List the prime factors of 34497.
3, 3833
What are the prime factors of 16416?
2, 3, 19
List the prime factors of 17124.
2, 3, 1427
What are the prime factors of 13?
13
List the prime factors of 3235.
5, 647
What are the prime factors of 58555?
5, 7, 239
List the prime factors of 952.
2, 7, 17
What are the prime factors of 7723?
7723
What are the prime factors of 1022?
2, 7, 73
List the prime factors of 45121.
45121
List the prime factors of 3061.
3061
List the prime factors of 2708.
2, 677
What are the prime factors of 23025?
3, 5, 307
What are the prime factors of 742?
2, 7, 53
What are the prime factors of 17431?
17431
What are the prime factors of 3728?
2, 233
List the prime factors of 8254.
2, 4127
List the prime factors of 10065.
3, 5, 11, 61
List the prime factors of 784.
2, 7
What are the prime factors of 26608?
2, 1663
List the prime factors of 16640.
2, 5, 13
List the prime factors of 581.
7, 83
What are the prime factors of 43874?
2, 21937
What are the prime factors of 984?
2, 3, 41
List the prime factors of 4595.
5, 919
List the prime factors of 2879.
2879
What are the prime factors of 225?
3, 5
What are the prime factors of 1483?
1483
List the prime factors of 15935.
5, 3187
What are the prime factors of 1211?
7, 173
What are the prime factors of 5391?
3, 599
List the prime factors of 224.
2, 7
What are the prime factors of 17025?
3, 5, 227
What are the prime factors of 149?
149
What are the prime factors of 1135?
5, 227
List the prime factors of 3432.
2, 3, 11, 13
List the prime factors of 152.
2, 19
What are the prime factors of 42813?
3, 67, 71
List the prime factors of 4108.
2, 13, 79
List the prime factors of 66715.
5, 11, 1213
List the prime factors of 17698.
2, 8849
What are the prime factors of 2742?
2, 3, 457
List the prime factors of 67394.
2, 31, 1087
List the prime factors of 264.
2, 3, 11
What are the prime factors of 750?
2, 3, 5
List the prime factors of 89.
89
What are the prime factors of 6203?
6203
List the prime factors of 29984.
2, 937
What are the prime factors of 1939?
7, 277
What are the prime factors of 8454?
2, 3, 1409
List the prime factors of 6757.
29, 233
What are the prime factors of 37?
37
What are the prime factors of 566?
2, 283
List the prime factors of 411.
3, 137
List the prime factors of 69.
3, 23
List the prime factors of 2180.
2, 5, 109
List the prime factors of 1863.
3, 23
What are the prime factors of 3666?
2, 3, 13, 47
List the prime factors of 4037.
11, 367
List the prime factors of 1780.
2, 5, 89
What are the prime factors of 870?
2, 3, 5, 29
List the prime factors of 163422.
2, 3, 7, 1297
List the prime factors of 20410.
2, 5, 13, 157
What are the prime factors of 5179?
5179
What are the prime factors of 159511?
11, 17, 853
What are the prime factors of 724?
2, 181
What are the prime factors of 28878?
2, 3, 4813
List the prime factors of 16590.
2, 3, 5, 7, 79
List the prime factors of 6980.
2, 5, 349
List the prime factors of 7073.
11, 643
List the prime factors of 3033.
3, 337
List the prime factors of 718.
2, 359
What are the prime factors of 8036?
2, 7, 41
List the prime factors of 19032.
2, 3, 13, 61
What are the prime factors of 531?
3, 59
What are the prime factors of 2368?
2, 37
List the prime factors of 1257.
3, 419
List the prime factors of 292.
2, 73
List the prime factors of 13847.
61, 227
List the prime factors of 53079.
3, 13, 1361
What are the prime factors of 37293?
3, 31, 401
List the prime factors of 1905.
3, 5, 127
What are the prime factors of 4405?
5, 881
What are the prime factors of 42255?
3, 5, 313
Wh